[INFO] fetching crate win32-error 0.9.0...
[INFO] checking win32-error-0.9.0 against master#cfbc6d4cf1acbac5c025acf8ed68929caa551df3 for pr-75494-beta
[INFO] extracting crate win32-error 0.9.0 into /workspace/builds/worker-9/source
[INFO] validating manifest of crates.io crate win32-error 0.9.0 on toolchain cfbc6d4cf1acbac5c025acf8ed68929caa551df3
[INFO] running `Command { std: "/workspace/cargo-home/bin/cargo" "+cfbc6d4cf1acbac5c025acf8ed68929caa551df3" "read-manifest" "--manifest-path" "Cargo.toml", kill_on_drop: false }`
[INFO] started tweaking crates.io crate win32-error 0.9.0
[INFO] finished tweaking crates.io crate win32-error 0.9.0
[INFO] tweaked toml for crates.io crate win32-error 0.9.0 written to /workspace/builds/worker-9/source/Cargo.toml
[INFO] running `Command { std: "/workspace/cargo-home/bin/cargo" "+cfbc6d4cf1acbac5c025acf8ed68929caa551df3" "generate-lockfile" "--manifest-path" "Cargo.toml" "-Zno-index-update", kill_on_drop: false }`
[INFO] running `Command { std: "/workspace/cargo-home/bin/cargo" "+cfbc6d4cf1acbac5c025acf8ed68929caa551df3" "fetch" "--locked" "--manifest-path" "Cargo.toml", kill_on_drop: false }`
[INFO] running `Command { std: "docker" "create" "-v" "/var/lib/crater-agent-workspace/builds/worker-9/target:/opt/rustwide/target:rw,Z" "-v" "/var/lib/crater-agent-workspace/builds/worker-9/source:/opt/rustwide/workdir:ro,Z" "-v" "/var/lib/crater-agent-workspace/cargo-home:/opt/rustwide/cargo-home:ro,Z" "-v" "/var/lib/crater-agent-workspace/rustup-home:/opt/rustwide/rustup-home:ro,Z" "-e" "SOURCE_DIR=/opt/rustwide/workdir" "-e" "CARGO_TARGET_DIR=/opt/rustwide/target" "-e" "CARGO_HOME=/opt/rustwide/cargo-home" "-e" "RUSTUP_HOME=/opt/rustwide/rustup-home" "-w" "/opt/rustwide/workdir" "-m" "1610612736" "--user" "0:0" "--network" "none" "rustops/crates-build-env@sha256:a636fd89d022f18117e1dc8fb37a0a009933cdbbe082814857f0e2024962d47c" "/opt/rustwide/cargo-home/bin/cargo" "+cfbc6d4cf1acbac5c025acf8ed68929caa551df3" "metadata" "--no-deps" "--format-version=1", kill_on_drop: false }`
[INFO] [stdout] be9dd5d504f80a7134c1b9f88c7a819f875388b381a3c8ca16a42f483f6d70a9
[INFO] [stderr] WARNING: Your kernel does not support swap limit capabilities or the cgroup is not mounted. Memory limited without swap.
[INFO] running `Command { std: "docker" "start" "-a" "be9dd5d504f80a7134c1b9f88c7a819f875388b381a3c8ca16a42f483f6d70a9", kill_on_drop: false }`
[INFO] running `Command { std: "docker" "inspect" "be9dd5d504f80a7134c1b9f88c7a819f875388b381a3c8ca16a42f483f6d70a9", kill_on_drop: false }`
[INFO] running `Command { std: "docker" "rm" "-f" "be9dd5d504f80a7134c1b9f88c7a819f875388b381a3c8ca16a42f483f6d70a9", kill_on_drop: false }`
[INFO] [stdout] be9dd5d504f80a7134c1b9f88c7a819f875388b381a3c8ca16a42f483f6d70a9
[INFO] running `Command { std: "docker" "create" "-v" "/var/lib/crater-agent-workspace/builds/worker-9/target:/opt/rustwide/target:rw,Z" "-v" "/var/lib/crater-agent-workspace/builds/worker-9/source:/opt/rustwide/workdir:ro,Z" "-v" "/var/lib/crater-agent-workspace/cargo-home:/opt/rustwide/cargo-home:ro,Z" "-v" "/var/lib/crater-agent-workspace/rustup-home:/opt/rustwide/rustup-home:ro,Z" "-e" "SOURCE_DIR=/opt/rustwide/workdir" "-e" "CARGO_TARGET_DIR=/opt/rustwide/target" "-e" "CARGO_INCREMENTAL=0" "-e" "RUST_BACKTRACE=full" "-e" "RUSTFLAGS=--cap-lints=forbid" "-e" "CARGO_HOME=/opt/rustwide/cargo-home" "-e" "RUSTUP_HOME=/opt/rustwide/rustup-home" "-w" "/opt/rustwide/workdir" "-m" "1610612736" "--user" "0:0" "--network" "none" "rustops/crates-build-env@sha256:a636fd89d022f18117e1dc8fb37a0a009933cdbbe082814857f0e2024962d47c" "/opt/rustwide/cargo-home/bin/cargo" "+cfbc6d4cf1acbac5c025acf8ed68929caa551df3" "check" "--frozen" "--all" "--all-targets" "--message-format=json", kill_on_drop: false }`
[INFO] [stdout] d6338ae71c02ee4517530d3565596d545e127655683dcea28c565ced42e33d9f
[INFO] [stderr] WARNING: Your kernel does not support swap limit capabilities or the cgroup is not mounted. Memory limited without swap.
[INFO] running `Command { std: "docker" "start" "-a" "d6338ae71c02ee4517530d3565596d545e127655683dcea28c565ced42e33d9f", kill_on_drop: false }`
[INFO] [stderr]     Checking win32-error v0.9.0 (/opt/rustwide/workdir)
[INFO] [stdout] error[E0432]: unresolved imports `kernel32::GetLastError`, `kernel32::FormatMessageW`
[INFO] [stdout]  --> src/lib.rs:9:16
[INFO] [stdout]   |
[INFO] [stdout] 9 | use kernel32::{GetLastError, FormatMessageW};
[INFO] [stdout]   |                ^^^^^^^^^^^^  ^^^^^^^^^^^^^^ no `FormatMessageW` in the root
[INFO] [stdout]   |                |
[INFO] [stdout]   |                no `GetLastError` in the root
[INFO] [stdout] 
[INFO] [stdout] 
[INFO] [stdout] error[E0432]: unresolved import `winapi::FORMAT_MESSAGE_IGNORE_INSERTS`
[INFO] [stdout]   --> src/lib.rs:11:5
[INFO] [stdout]    |
[INFO] [stdout] 11 | use winapi::FORMAT_MESSAGE_IGNORE_INSERTS;
[INFO] [stdout]    |     ^^^^^^^^^^^^^^^^^^^^^^^^^^^^^^^^^^^^^ no `FORMAT_MESSAGE_IGNORE_INSERTS` in the root
[INFO] [stdout] 
[INFO] [stdout] 
[INFO] [stdout] error[E0432]: unresolved import `winapi::FORMAT_MESSAGE_FROM_SYSTEM`
[INFO] [stdout]   --> src/lib.rs:12:5
[INFO] [stdout]    |
[INFO] [stdout] 12 | use winapi::FORMAT_MESSAGE_FROM_SYSTEM;
[INFO] [stdout]    |     ^^^^^^^^^^^^^^^^^^^^^^^^^^^^^^^^^^ no `FORMAT_MESSAGE_FROM_SYSTEM` in the root
[INFO] [stdout] 
[INFO] [stdout] 
[INFO] [stdout] error[E0432]: unresolved import `winapi::FORMAT_MESSAGE_ARGUMENT_ARRAY`
[INFO] [stdout]   --> src/lib.rs:13:5
[INFO] [stdout]    |
[INFO] [stdout] 13 | use winapi::FORMAT_MESSAGE_ARGUMENT_ARRAY;
[INFO] [stdout]    |     ^^^^^^^^^^^^^^^^^^^^^^^^^^^^^^^^^^^^^ no `FORMAT_MESSAGE_ARGUMENT_ARRAY` in the root
[INFO] [stdout] 
[INFO] [stdout] 
[INFO] [stdout] warning: trait objects without an explicit `dyn` are deprecated
[INFO] [stdout]    --> src/lib.rs:190:32
[INFO] [stdout]     |
[INFO] [stdout] 190 |     fn cause(&self) -> Option<&Error> {
[INFO] [stdout]     |                                ^^^^^ help: use `dyn`: `dyn Error`
[INFO] [stdout]     |
[INFO] [stdout]     = note: `#[warn(bare_trait_objects)]` on by default
[INFO] [stdout] 
[INFO] [stdout] 
[INFO] [stdout] error[E0432]: unresolved imports `kernel32::GetLastError`, `kernel32::FormatMessageW`
[INFO] [stdout]  --> src/lib.rs:9:16
[INFO] [stdout]   |
[INFO] [stdout] 9 | use kernel32::{GetLastError, FormatMessageW};
[INFO] [stdout]   |                ^^^^^^^^^^^^  ^^^^^^^^^^^^^^ no `FormatMessageW` in the root
[INFO] [stdout]   |                |
[INFO] [stdout]   |                no `GetLastError` in the root
[INFO] [stdout] 
[INFO] [stdout] 
[INFO] [stdout] error[E0432]: unresolved import `winapi::FORMAT_MESSAGE_IGNORE_INSERTS`
[INFO] [stdout]   --> src/lib.rs:11:5
[INFO] [stdout]    |
[INFO] [stdout] 11 | use winapi::FORMAT_MESSAGE_IGNORE_INSERTS;
[INFO] [stdout]    |     ^^^^^^^^^^^^^^^^^^^^^^^^^^^^^^^^^^^^^ no `FORMAT_MESSAGE_IGNORE_INSERTS` in the root
[INFO] [stdout] 
[INFO] [stdout] 
[INFO] [stdout] error[E0432]: unresolved import `winapi::FORMAT_MESSAGE_FROM_SYSTEM`
[INFO] [stdout]   --> src/lib.rs:12:5
[INFO] [stdout]    |
[INFO] [stdout] 12 | use winapi::FORMAT_MESSAGE_FROM_SYSTEM;
[INFO] [stdout]    |     ^^^^^^^^^^^^^^^^^^^^^^^^^^^^^^^^^^ no `FORMAT_MESSAGE_FROM_SYSTEM` in the root
[INFO] [stdout] 
[INFO] [stdout] 
[INFO] [stdout] error[E0432]: unresolved import `winapi::FORMAT_MESSAGE_ARGUMENT_ARRAY`
[INFO] [stdout]   --> src/lib.rs:13:5
[INFO] [stdout]    |
[INFO] [stdout] 13 | use winapi::FORMAT_MESSAGE_ARGUMENT_ARRAY;
[INFO] [stdout]    |     ^^^^^^^^^^^^^^^^^^^^^^^^^^^^^^^^^^^^^ no `FORMAT_MESSAGE_ARGUMENT_ARRAY` in the root
[INFO] [stdout] 
[INFO] [stdout] 
[INFO] [stdout] warning: trait objects without an explicit `dyn` are deprecated
[INFO] [stdout]    --> src/lib.rs:190:32
[INFO] [stdout]     |
[INFO] [stdout] 190 |     fn cause(&self) -> Option<&Error> {
[INFO] [stdout]     |                                ^^^^^ help: use `dyn`: `dyn Error`
[INFO] [stdout]     |
[INFO] [stdout]     = note: `#[warn(bare_trait_objects)]` on by default
[INFO] [stdout] 
[INFO] [stdout] 
[INFO] [stdout] warning: use of deprecated item 'std::error::Error::description': use the Display impl or to_string()
[INFO] [stdout]    --> src/lib.rs:225:24
[INFO] [stdout]     |
[INFO] [stdout] 225 |         assert_eq!(err.description(), UNKNOWN_ERROR_TEXT);
[INFO] [stdout]     |                        ^^^^^^^^^^^
[INFO] [stdout]     |
[INFO] [stdout]     = note: `#[warn(deprecated)]` on by default
[INFO] [stdout] 
[INFO] [stdout] 
[INFO] [stdout] error: aborting due to 4 previous errors; 2 warnings emitted
[INFO] [stdout] 
[INFO] [stdout] 
[INFO] [stdout] For more information about this error, try `rustc --explain E0432`.
[INFO] [stdout] 
[INFO] [stderr] error: could not compile `win32-error`.
[INFO] [stdout] error: aborting due to 4 previous errors; 1 warning emitted
[INFO] [stdout] 
[INFO] [stdout] 
[INFO] [stderr] 
[INFO] [stdout] For more information about this error, try `rustc --explain E0432`.
[INFO] [stdout] 
[INFO] [stderr] To learn more, run the command again with --verbose.
[INFO] [stderr] warning: build failed, waiting for other jobs to finish...
[INFO] [stderr] error: build failed
[INFO] running `Command { std: "docker" "inspect" "d6338ae71c02ee4517530d3565596d545e127655683dcea28c565ced42e33d9f", kill_on_drop: false }`
[INFO] running `Command { std: "docker" "rm" "-f" "d6338ae71c02ee4517530d3565596d545e127655683dcea28c565ced42e33d9f", kill_on_drop: false }`
[INFO] [stdout] d6338ae71c02ee4517530d3565596d545e127655683dcea28c565ced42e33d9f
